git of 232685666?
2
What is the thousands digit of 361548478?
8
What is the millions digit of 65960149?
5
What is the ten thousands digit of 227682324?
8
What is the hundred thousands digit of 1278712?
2
What is the millions digit of 38570976?
8
What is the hundred thousands digit of 45727483?
7
What is the hundred millions digit of 2628159001?
6
What is the hundred millions digit of 427745304?
4
What is the tens digit of 75138761?
6
What is the tens digit of 4622183050?
5
What is the tens digit of 552661672?
7
What is the millions digit of 95173254?
5
What is the hundred millions digit of 642651906?
6
What is the hundreds digit of 243336318?
3
What is the hundred millions digit of 2129328458?
1
What is the hundred millions digit of 195445605?
1
What is the units digit of 319615286?
6
What is the units digit of 998840972?
2
What is the hundred millions digit of 188317992?
1
What is the units digit of 105939432?
2
What is the hundred millions digit of 1900348853?
9
What is the hundred millions digit of 5608584291?
6
What is the units digit of 267522963?
3
What is the hundred thousands digit of 1449660641?
6
What is the units digit of 508636786?
6
What is the hundred thousands digit of 42114134?
1
What is the tens digit of 36105329?
2
What is the ten thousands digit of 125170686?
7
What is the ten millions digit of 181364823?
8
What is the tens digit of 31909124?
2
What is the ten thousands digit of 190287791?
8
What is the hundred thousands digit of 4677946363?
9
What is the ten thousands digit of 4235619097?
1
What is the ten thousands digit of 966563603?
6
What is the hundred millions digit of 240132419?
2
What is the hundred thousands digit of 132979510?
9
What is the units digit of 241018359?
9
What is the ten thousands digit of 6320803076?
0
What is the ten thousands digit of 868648502?
4
What is the hundreds digit of 378300342?
3
What is the hundreds digit of 28646916?
9
What is the millions digit of 9013495?
9
What is the billions digit of 1822799235?
1
What is the millions digit of 175422128?
5
What is the ten millions digit of 236484509?
3
What is the ten thousands digit of 47919672?
1
What is the units digit of 523970820?
0
What is the hundred thousands digit of 1912778651?
7
What is the hundreds digit of 220568572?
5
What is the units digit of 2096882583?
3
What is the ten millions digit of 17286835?
1
What is the millions digit of 217436327?
7
What is the tens digit of 902012183?
8
What is the hundred thousands digit of 4429323568?
3
What is the tens digit of 4330923856?
5
What is the hundred thousands digit of 2555806509?
8
What is the hundred thousands digit of 472614656?
6
What is the hundred thousands digit of 399604267?
6
What is the ten millions digit of 55336091?
5
What is the hundred thousands digit of 160698765?
6
What is the hundred thousands digit of 63986295?
9
What is the tens digit of 238328407?
0
What is the hundreds digit of 82470912?
9
What is the thousands digit of 1277588235?
8
What is the tens digit of 340190546?
4
What is the units digit of 220421286?
6
What is the thousands digit of 997101240?
1
What is the millions digit of 11135691?
1
What is the hundred thousands digit of 340085318?
0
What is the hundred thousands digit of 1912216882?
2
What is the ten thousands digit of 66318131?
1
What is the hundreds digit of 5494642641?
6
What is the hundred millions digit of 1709773540?
7
What is the thousands digit of 17190559?
0
What is the ten thousands digit of 136279269?
7
What is the ten thousands digit of 6174473862?
7
What is the tens digit of 82148816?
1
What is the hundred thousands digit of 1302783319?
7
What is the ten thousands digit of 4101438862?
3
What is the hundred millions digit of 426265929?
4
What is the millions digit of 101083412?
1
What is the ten millions digit of 121068153?
2
What is the millions digit of 51645868?
1
What is the units digit of 3666810528?
8
What is the ten thousands digit of 3107494?
0
What is the units digit of 92819978?
8
What is the ten thousands digit of 3463189?
6
What is the tens digit of 743214191?
9
What is the ten thousands digit of 661422263?
2
What is the hundred millions digit of 834053165?
8
What is the hundred millions digit of 6150810325?
1
What is the ten thousands digit of 1576011152?
1
What is the ten millions digit of 1974112681?
7
What is the hundred thousands digit of 1997311690?
3
What is the ten millions digit of 398505817?
9
What is the billions digit of 4223578737?
4
What is the billions digit of 1095850828?
1
What is the thousands digit of 1416196738?
6
What is the thousands digit of 47804131?
4
What is the units digit of 1588358430?
0
What is the ten millions digit of 430289369?
3
What is the tens digit of 81172291?
9
What is the tens digit of 46696881?
8
What is the hundreds digit of 1257884068?
0
What is the thousands digit of 181443012?
3
What is the millions digit of 3745596?
3
What is the hundred thousands digit of 2737255992?
2
What is the ten millions digit of 328992615?
2
What is the ten millions digit of 1259927362?
5
What is the hundred millions digit of 5122613219?
1
What is the thousands digit of 334849983?
9
What is the hundred thousands digit of 1529808897?
8
What is the millions digit of 137998970?
7
What is the ten millions digit of 102746616?
0
What is the hundred millions digit of 438889202?
4
What is the millions digit of 47159807?
7
What is the tens digit of 121971378?
7
What is the millions digit of 17847371?
7
What is the millions digit of 67608510?
7
What is the units digit of 423539752?
2
What is the tens digit of 965942889?
8
What is the units digit of 40669650?
0
What is the ten thousands digit of 894851649?
5
What is the ten millions digit of 345055060?
4
What is the millions digit of 414385068?
4
What is the thousands digit of 754830405?
0
What is the thousands digit of 155047462?
7
What is the thousands digit of 38160103?
0
What is the hundreds digit of 102751519?
5
What is the hundred millions digit of 457676592?
4
What is the units digit of 3739796?
6
What is the ten thousands digit of 392513544?
1
What is the ten thousands digit of 75463095?
6
What is the millions digit of 42533096?
2
What is the hundred thousands digit of 394932310?
9
What is the tens digit of 180690395?
9
What is the millions digit of 209136313?
9
What is the tens digit of 82619080?
8
What is the hundred millions digit of 1286642931?
2
What is the millions digit of 977964610?
7
What is the hundreds digit of 16840287?
2
What is the hundreds digit of 63592481?
4
What is the ten thousands digit of 449547213?
4
What is the tens digit of 483273736?
3
What is the hundreds digit of 903832598?
5
What is the millions digit of 10476584?
0
What is the ten millions digit of 15109520?
1
What is the tens digit of 100781629?
2
What is the tens digit of 16733868?
6
What is the hundreds digit of 491025440?
4
What is the hundred thousands digit of 4491831999?
8
What is the tens digit of 100939108?
0
What is the ten thousands digit of 1064244008?
4
What is the hundreds digit of 820152197?
1
What is the ten millions digit of 1282457426?
8
What is the units digit of 35328479?
9
What is the units digit of 322190987?
7
What is the tens digit of 2341835975?
7
What is the tens digit of 20485831?
3
What is the hundreds digit of 137895458?
4
What is the hundred thousands digit of 449496716?
4
What is the hundreds digit of 573223946?
9
What is the ten thousands digit of 5582862532?
6
What is the thousands digit of 32983708?
3
What is the units digit of 44186764?
4
What is the thousands digit of 31280730?
0
What is the ten thousands digit of 153799547?
9
What is the thousands digit of 4314911787?
1
What is the hundreds digit of 121698819?
8
What is the millions digit of 1780737622?
0
What is the hundred thousands digit of 375088327?
0
What is the hundreds digit of 665440980?
9
What is the hundred millions digit of 317530541?
3
What is the thousands digit of 93661857?
1
What is the thousands digit of 453405203?
5
What is the units digit of 22504583?
3
What is the hundreds digit of 37639965?
9
What is the hundred millions digit of 204964530?
2
What is the hundreds digit of 25851494?
4
What is the millions digit of 54192018?
4
What is the thousands digit of 51762372?
2
What is 